emainder when 95 is divided by g.
31
Let j(x) = -14*x + 51*x - 19*x + 1 - 19*x. What is the remainder when 46 is divided by j(-5)?
4
Let r(c) = -c + 6. Let z be r(5). Let i(d) = 46*d**2 - 4*d + 7*d - 3*d - z. Calculate the remainder when i(1) is divided by 12.
9
Let x = 414 + -403. Suppose -5*u = 5*w - 30, -w = -4*u + 3*w + 8. Calculate the remainder when u/(-10) + (-414)/(-10) is divided by x.
8
What is the remainder when 65 is divided by 35/(-7) + 38 - 5/1?
9
Let b(d) = -5*d**2 - 126*d - 3. Calculate the remainder when b(-25) is divided by ((-4)/2)/((-2)/8).
6
Let z(u) = -4*u + 152. Calculate the remainder when z(10) is divided by 29.
25
Suppose -5*p + 9*p = -5*u + 204, 0 = 3*p - 3*u - 153. What is the remainder when p is divided by 13?
12
What is the remainder when 177 is divided by ((-20)/3)/4 - 840/(-18)?
42
Suppose 3*o + o = 4*v - 12, 3*o + 6 = 4*v. Calculate the remainder when (-4)/(-12) + (-16)/o + 61 is divided by 17.
13
Let j(a) = -a**3 - 252. Let s be j(0). Let z = 381 + s. Calculate the remainder when z is divided by 33.
30
Suppose 302 = 5*p - 68. Suppose 24 = -l - 2*l. Let n = l + 27. Calculate the remainder when p is divided by n.
17
Suppose -7*y + 134 = 29. Calculate the remainder when 21 is divided by y.
6
Suppose -3*b - 2*b + 365 = 0. Suppose -3*m + 5 + 10 = 0. Suppose i - 123 = -m*s, -s - 3*s = i - 98. Calculate the remainder when b is divided by s.
23
Suppose 5*a - 67 = -0*a + 3*z, -32 = -2*a - 4*z. What is the remainder when a is divided by 3?
2
Suppose 1410 = -221*n + 236*n. Calculate the remainder when 372 is divided by n.
90
Let h(m) = m**3 - 17*m**2 + 16*m - 4. Let b be h(16). Let l(s) = -4*s - 5. Calculate the remainder when 19 is divided by l(b).
8
Let g(s) = -2*s**3 - 14*s**2 - 19*s + 3. What is the remainder when 113 is divided by g(-6)?
23
Let j = 1040 - 976. Calculate the remainder when j is divided by 38.
26
Let t(h) = 9*h**2 + h - 17. Calculate the remainder when t(-5) is divided by 42.
35
Let g be (-15)/20 + (-18)/8 + 1. What is the remainder when 23 is divided by 177/15 + g/(-10)?
11
Let v = -79 + 136. Suppose 12 = -3*x + v. What is the remainder when 44 is divided by x?
14
Let i = 2038 - 1870. What is the remainder when i is divided by 94?
74
Let v be -1 - 4/(8/(-14)). Let d(b) = 3*b**2 - 3*b + 6. Let l be d(v). Suppose -7*x + l = x. What is the remainder when 47 is divided by x?
11
Let t(w) be the first derivative of w**3 - w**2/2 + 14*w + 29. Calculate the remainder when t(-6) is divided by 13.
11
Let f be 10/65 + (-843)/(-13). Let i = -60 + f. Calculate the remainder when 48 is divided by i.
3
Suppose 5*u - 67 = 28. Calculate the remainder when 15 is divided by u/5 + 23/115.
3
Suppose 2*u - 3*d - 516 = -0*u, 774 = 3*u + 3*d. What is the remainder when u is divided by 19?
11
Let r(j) = j**2 - 12*j - 36. Calculate the remainder when r(-12) is divided by 16.
12
Suppose 0*a + 480 = 8*a. What is the remainder when a is divided by 32?
28
What is the remainder when 45*(10 + 220/(-30)) is divided by 39?
3
Let n be 4/6 + 50/15. Let d(b) = 2*b - 3. Suppose -5*k + 7*c - 2*c = -25, 5*c + 17 = 4*k. What is the remainder when k is divided by d(n)?
3
Let d(g) = -g**2 - 20*g + 36. What is the remainder when d(-15) is divided by 19?
16
What is the remainder when 68 is divided by 8/(-40)*-35 + 3?
8
Let f(j) be the second derivative of j**2 - 6*j + 0 + 1/12*j**4 + 5/6*j**3. What is the remainder when f(-5) is divided by 1?
0
Let w(c) = -2*c**3 + 2*c**2 + 2*c - 3. Let m be w(2). Let u(v) = v**2 + 7*v + 8. What is the remainder when 22 is divided by u(m)?
6
Let x(g) = g - 5. Let m(r) = 2*r**2 - 14*r + 8. Let h be m(6). Let z(b) = -3*b - 1. Let w be z(h). What is the remainder when 16 is divided by x(w)?
4
Let c be -6 - ((-12)/(-4) + -3 + -3). What is the remainder when 2/((-4)/c)*26 is divided by 20?
19
Let i be (-252)/(-45) + (-2)/(-5). Suppose 2*k - i = -k. Suppose -58 + 20 = -k*g. What is the remainder when g is divided by 11?
8
Let p = -35 + 66. What is the remainder when p is divided by 12?
7
Let u = 11 - -5. Let g = 15 - u. What is the remainder when 21 + (2 - 2) + g is divided by 7?
6
Suppose 4*c + 0 = 8. Suppose 3*d = -2*s + 382, -3*s - 243 - 16 = -c*d. Calculate the remainder when 13 is divided by d/20 - 9/(-15).
6
Let p(n) = 3*n**2 - 6*n - 3. Let g = -15 + 39. Calculate the remainder when p(-4) is divided by g.
21
Suppose -a + 32*t = 29*t - 289, t = 2*a - 593. What is the remainder when a is divided by 25?
23
Let n(j) = -j**2 - 7*j - 2. Let l be n(-7). What is the remainder when 133 is divided by l*6/4 - 54/(-3)?
13
Let q(i) = -5*i - 6. Let a be ((-16)/(-3))/((-8)/(-12)). Let x be q(a). What is the remainder when 1 - (x + 1 - 1) is divided by 16?
15
Let d = 6 - -11. Suppose 0 = -18*o + d*o + 19. What is the remainder when o is divided by 11?
8
Let k(n) = n**3 + 7*n**2 + 5*n - 3. Suppose -4*m - 14 = -d - 2*d, 0 = -4*d - 5*m - 33. Calculate the remainder when -2 - (-14 + (-1 - d)) is divided by k(-6).
2
Let b be 70/18 + (-4)/(-36). Suppose -b*l = -5*g + 66, 3*g - 59 = -3*l - 14. Calculate the remainder when 26 is divided by g.
12
Let p = 114 - 50. Calculate the remainder when p is divided by 33.
31
Let b be (19/(-2))/(4/(-8)). Calculate the remainder when (-5)/(-6 - -1)*b is divided by 8.
3
Let k = 1507 + -1446. Calculate the remainder when 241 is divided by k.
58
Let c(u) = -u**2 - 6 + 5*u**3 + 7 + u**3 - u. Let l be 2 - (2 - 2) - 1. Calculate the remainder when 7 is divided by c(l).
2
What is the remainder when 202 is divided by (-80)/(-25)*((-539)/(-14) + -6)?
98
What is the remainder when 162 is divided by (-234)/(-156) + 214/4?
52
Let i(u) = -80*u + 548. What is the remainder when 473 is divided by i(6)?
65
Let f = -12 + 21. Let k be (306/12)/(6/32). Suppose 5*t = t + k. Calculate the remainder when t is divided by f.
7
Let h(o) = -2*o**3 - 15*o**2 - 20*o + 13. Suppose -t + 57 = -16. What is the remainder when t is divided by h(-6)?
23
Suppose -k - 40 = -2*k. Suppose -2*q - k = -2*m - 3*q, -5*m + 86 = -q. Suppose -27 = -3*b + 3. What is the remainder when m is divided by b?
8
Let j(d) = -4*d + 22. Let w be j(6). Let u(x) = -5*x + 23. Calculate the remainder when 59 is divided by u(w).
26
Suppose 9 = 2*p - 57. What is the remainder when p is divided by 30?
3
Let y(s) = 2*s**3 - 6*s**2 - 8*s + 7. Let b be y(5). Suppose 0 = 2*u - j - b, -5 = -4*j - j. What is the remainder when u is divided by 4?
2
Calculate the remainder when (-69 - (-13)/(-13))*-1*1 is divided by 29.
12
Suppose 2*u - 5*x = -0*u + 351, -5*x = -u + 178. What is the remainder when u is divided by 11?
8
Suppose 3*h + 12054 = -4*h. What is the remainder when 6/(-30) + h/(-10) is divided by 35?
32
Suppose -4 + 12 = -4*x + 2*u, 16 = -x + 4*u. What is the remainder when 0 - x - (-1 + -8) is divided by 2?
1
Let p = -1000 + 1030. Calculate the remainder when 76 is divided by p.
16
Suppose 4*n - 220 = -3*r, -3*r - 48 = 5*n - 266. Calculate the remainder when r is divided by 6.
4
Suppose -4*r + 11 = -29. Suppose 26 - r = 4*h. What is the remainder when 7 is divided by h?
3
Let i(o) = 58 - 298*o + 596*o - 297*o. Calculate the remainder when i(-16) is divided by 24.
18
Suppose 41*h - 679 = 2355. What is the remainder when 274 is divided by h?
52
Let o(g) = g**3 - 9*g**2 + 46*g + 5. Calculate the remainder when o(6) is divided by 11.
8
Suppose 237 = -5*l + 732. Calculate the remainder when l is divided by 37.
25
Let o be 1 + (6 - 4) + -1. What is the remainder when 58 is divided by 340/20 + (o - (1 + -2))?
18
Let q = 46 + -35. Let i = -10 + q. Calculate the remainder when 3 is divided by i.
0
Let i = 44 - -25. Calculate the remainder when i is divided by 24.
21
Suppose 2*z + h + 61 = -5, -121 = 3*z - 4*h. Let v = z + 51. What is the remainder when v is divided by 3?
1
Let w(c) = c**2 - 8*c - 7. Let f be w(9). Suppose -3*n - 5*v + 9 = -2*v, 2 = 2*n - f*v. Calculate the remainder when 7 is divided by n.
1
Suppose -7*m + 2*m = -30. Suppose m*g = 2*g + 100. Suppose 9*l = 10*l - 5*f - 97, 2*l - f = 194. Calculate the remainder when l is divided by g.
22
Suppose 0 = -5*q - 4*d - d + 20, -5*q + 2*d + 13 = 0. What is the remainder when 16 is divided by q?
1
Let i(n) = n**3 + 12*n**2 - n + 15. Calculate the remainder when 133 is divided by i(-12).
25
Let z(j) = j**3 